3 + -51?
322
In base 13, what is 5 - -2?
7
In base 5, what is 131 + 1214?
1400
In base 9, what is -320 + -2?
-322
In base 5, what is 131 + 14?
200
In base 13, what is -5 + -6?
-b
In base 16, what is -193 - -4?
-18f
In base 7, what is -6045 + 4?
-6041
In base 10, what is 7 - -59?
66
In base 6, what is 4 - 20145?
-20141
In base 14, what is -363 + 4?
-35d
In base 11, what is -a4 + -2?
-a6
In base 12, what is -2 + -475b?
-4761
In base 8, what is -11 - 5?
-16
In base 13, what is -4 + 36?
32
In base 4, what is 1 + -2010?
-2003
In base 13, what is -1 - -52?
51
In base 8, what is 10 - -1165?
1175
In base 16, what is 0 + -a7?
-a7
In base 15, what is 2d + 14?
42
In base 8, what is 12 + 154?
166
In base 14, what is -272 - 7?
-279
In base 14, what is -370 + 1?
-36d
In base 6, what is 1 + 23?
24
In base 16, what is 3a - -3?
3d
In base 3, what is -10111101 - 11?
-10111112
In base 11, what is 427 + -4?
423
In base 7, what is -2 - 1655?
-1660
In base 5, what is -101 - -1440?
1334
In base 11, what is 19 + 0?
19
In base 7, what is 1136 + -5?
1131
In base 7, what is -2 + -62?
-64
In base 3, what is -120111212 + -2?
-120111221
In base 13, what is 2cc5 + 2?
2cc7
In base 11, what is -6a98 + 3?
-6a95
In base 10, what is 28 - -11?
39
In base 16, what is -10 + bc?
ac
In base 7, what is -3 - 10?
-13
In base 12, what is -2 - -14b?
149
In base 16, what is -3 - -59?
56
In base 8, what is 12225 - 4?
12221
In base 13, what is 4 + 8?
c
In base 5, what is 10 + 123?
133
In base 5, what is 2 + 240?
242
In base 15, what is 10 - -578?
588
In base 16, what is 11f9 + -3?
11f6
In base 5, what is -112 - 1430?
-2042
In base 3, what is 1 - 2110?
-2102
In base 12, what is 2 + 12?
14
In base 5, what is 304 - -3?
312
In base 7, what is -366 + 2?
-364
In base 7, what is -202 + 3?
-166
In base 8, what is 26 - 16?
10
In base 12, what is -2052 + 4?
-204a
In base 14, what is -2 + 950?
94c
In base 6, what is 11 - 135?
-124
In base 11, what is 0 + 353a?
353a
In base 2, what is -10001010 - 11?
-10001101
In base 16, what is 4b6 - -e?
4c4
In base 7, what is 31 + -3200?
-3136
In base 10, what is -516 - -58?
-458
In base 9, what is 166 + 0?
166
In base 3, what is -21111 - -12?
-21022
In base 6, what is -10 + 32?
22
In base 15, what is -c - 14?
-21
In base 7, what is 6 - -12?
21
In base 13, what is 64c0 + 3?
64c3
In base 8, what is 65 + -1?
64
In base 2, what is 110 - -1100100?
1101010
In base 16, what is 6c - -2e?
9a
In base 14, what is -18 + 29?
11
In base 9, what is -15 - -17?
2
In base 16, what is -12 - -9?
-9
In base 2, what is -11010 - -101?
-10101
In base 15, what is 1 + -4d?
-4c
In base 3, what is 112 + 122?
1011
In base 16, what is f + 7?
16
In base 13, what is -7 + 66?
5c
In base 15, what is -162d + 5?
-1628
In base 16, what is 4a - 3?
47
In base 2, what is 110 - 1010001?
-1001011
In base 2, what is 11011 - -1100?
100111
In base 8, what is -30 - -2?
-26
In base 6, what is 5 + 150?
155
In base 13, what is -537 - 0?
-537
In base 12, what is 443 - -1?
444
In base 8, what is 172 - -4?
176
In base 15, what is -136 - -5?
-131
In base 11, what is -9 - 1a43?
-1a51
In base 7, what is 14 + -53?
-36
In base 10, what is 760 - -15?
775
In base 2, what is -101 - -11000011?
10111110
In base 14, what is -3 + -42c?
-431
In base 4, what is -23 - -2102?
2013
In base 15, what is 5 + b7?
bc
In base 11, what is -66 - 5?
-70
In base 2, what is -101 - -11000111?
11000010
In base 16, what is 10 - 42?
-32
In base 12, what is -12b2 - 4?
-12b6
In base 7, what is -562 - 10?
-602
In base 11, what is 5 - 123?
-119
In base 14, what is -6 + -bd?
-c5
In base 9, what is 343 + -35?
307
In base 4, what is -3031 + 1230?
-1201
In base 16, what is 17 + 4?
1b
In base 2, what is -10000011 + 100?
-1111111
In base 4, what is 10 + -11113?
-11103
In base 8, what is 2202 + -7?
2173
In base 6, what is -2 + 42?
40
In base 13, what is -1a - 3?
-20
In base 8, what is 1 + -217?
-216
In base 14, what is 70 - 5?
69
In base 10, what is 28703 - 5?
28698
In base 3, what is 200200 + 210?
201110
In base 16, what is f + -14?
-5
In base 2, what is 0 + 1010010?
1010010
In base 5, what is -2 + 4332?
4330
In base 15, what is 9c + 6?
a3
In base 6, what is -311 + -10?
-321
In base 8, what is 5 + 42?
47
In base 16, what is -5 + -58?
-5d
In base 16, what is -3 - 298?
-29b
In base 9, what is -124 - 66?
-201
In base 15, what is -1 + 66?
65
In base 7, what is -1604 + 1?
-1603
In base 9, what is -7 - -65?
57
In base 6, what is -23 + -10?
-33
In base 10, what is -1625 - 9?
-1634
In base 9, what is 10 - 173?
-163
In base 15, what is -19 + -7?
-21
In base 6, what is 1210 + 0?
1210
In base 5, what is 4340 - 0?
4340
In base 6, what is 13 - 343?
-330
In base 4, what is -2 - 2031?
-2033
In base 15, what is 12 + -a?
7
In base 4, what is -2 + -101?
-103
In base 13, what is -1 - -2680?
267c
In base 9, what is -125 + 0?
-125
In base 6, what is -23454 + -4?
-23502
In base 9, what is -8 - 1?
-10
In base 4, what is 11001 - -3?
11010
In base 12, what is 116 - -4?
11a
In base 12, what is 3b + 2?
41
In base 4, what is -11 + -10?
-21
In base 8, what is 7540 + -3?
7535
In base 8, what is 64406 + -3?
64403
In base 8, what is 15015 + -4?
15011
In base 7, what is -4356 - 5?
-4364
In base 10, what is -1136 + 1?
-1135
In base 9, what is 771 + -5?
765
In base 14, what is 97 + -4a?
4b
In base 12, what is -4 - -1b6?
1b2
In base 8, what is 170 - -1?
171
In base 12, what is 4041 + -2?
403b
In base 13, what is 32 + -3?
2c
In base 10, what is -2 - -44?
42
In base 2, what is 100011 - -1100001?
10000100
In base 13, what is 5 - 267c?
-2677
In base 9, what is 610 + 0?
610
In base 14, what is 2 + 3c8?
3ca
In base 9, what is 154 - -5?
160
In base 9, what is 16822 - -1?
16823
In base 8, what is 3651 - 6?
3643
In base 6, what is -203 - -2?
-201
In base 12, what is 56 + 5?
5b
In base 16, what is d - -19?
26
In base 16, what is 25 + 0?
25
In base 3, what is -1200222 - 10?
-1201002
In base 3, what is -11100012 + 20?
-11022222
In base 14, what is -7c - -3?
-79
In base 8, what is -17 - 0?
-17
In base 11, what is -4 + -1214?
-1218
In base 9, what is 2 + -35?
-33
In base 10, what is -77 - 4?
-81
In base 15, what is 3 + 3?
6
In base 2, what is 101 + -111111010?
-111110101
In base 2, what is -11 + 10011111?
10011100
In base 9, what is -257 + 0?
-257
In base 3, what is 11 - -101010?
101021
In base 4, what is 1 - 20320?
-20313
In base 15, what is -2 + 1b?
19
In base 2, what is -11001 + 1001011?
110010
In base 10, what is 3 + 16?
19
In base 13, what is 4c + -1?
4b
In base 15, what is 2917 - 5?
2912
In base 6, what is 201 + -4?
153
In base 11, what is 3 + -91?
-89
In base 3, what is 11 + -1122?
-1111
In base 14, what is 4c + 32?
80
In base 4, what is 10 + 1320?
1330
In base 9, what is -368 + -2?
-371
In base 6, what is -1 + 32214?
32213
In base 16, what is 5 + 9?
e
In base 15, what is 2d - 3e?
-11
In base 9, what is 22 - 35?
-13
In base 10, what is -4 - -5276?
5272
In base 6, what is -34301 - 0?
-34301
In base 3, what is -10 + 22022220?
22022210
In base 5, what is -4 - 10244?
-10303
In base 8, what is -2 + 3045?
3043
In base 7, what is -262 - -41?
-221
In base 12, what is -1b2 + 1?
-1b1
In base 5, what is -31 - 24?
-110
In base 13, what is -7 - -6a9?
6a2
In base 9, what is 351 - 2?
348
In base 13, what is 4 - 9b2?
-9ab
In base 9, what is -3 - 786?
-800
In base 16, what is -2 - -627?
625
In base 3, what is -1221 + 10?
-1211
In base 8, what is 232 - 10?
222
In base 4, what is 233 + -2?
231
In base 8, what is 160 + -1?
157
In base 8, what is 151 - -1?
152
In base 4, what is 3122 + -3?
3113
In base 14, what is -3dd - 0?
-3dd
In base 10, what is 5 - -4459?
4464
In base 5, what is -2023 + -40?
-2113
In base 2, what is 11110 + -1101?
10001
In base 6, what is 0 - -231?
231
In base 15, what is -5 - -73?
6d
In base 15, what is 5 - 12?
-c
In base 6, what is -5 + 143?
134
In base 2, what is 10000110001001 + -11?
10000110000110
In base 11, what is 2 - 261?
-25a
In base 11, what is -351 + -2?
-353
In base 11, what is -5 - 1599?
-15a3
In base 12, what is -24 + 11?
-13
In base 6, what is -10 - -1?
-5
In base 8, what is 3 + 41?
44
In base 2, what is 10 - 110001?
-101111
In base 12, what is 3 - 97?
-94
In base 6, what is 5 + -341?
-332
In base 7, what is 4 + 166?
203
In base 13, what is 5 - 389?
-384
In base 2, what is -1000 